9
Let z be (-2139)/92 - 1/(-4). Let u(v) = v + 26. Calculate the remainder when 8 - 2 - -2*1 is divided by u(z).
2
Let m = 2890 + -2832. What is the remainder when 282 is divided by m?
50
Let h = 861 + -456. What is the remainder when h is divided by 3 - (2 - 5) - -52?
57
Calculate the remainder when (-2)/17 + ((-986960)/136)/(-26) is divided by 80.
39
Suppose -3*g - 4*o + 11 = 0, -2*g - 10 + 4 = -4*o. What is the remainder when ((10 + g)/(-11))/((-2)/84) is divided by 11?
9
Let x = -364 - -359. Calculate the remainder when 73 is divided by x + (1 - -2 - -45).
30
Let i(f) = -14*f - 4. Let p be i(-5). Let k(g) = 3*g**2 - 6*g + 6. Let z be k(2). Suppose -3*n - p = -z*n. What is the remainder when n is divided by 13?
9
Suppose -4*d = 3*j - 309 - 198, 3*d - 376 = 2*j. Suppose -d*c - 306 = -132*c. Calculate the remainder when 111 is divided by c.
9
Suppose -3*b = -2*p - 176, -4*p + 9*p = -5. Let h = 142 - b. Let r = h + -44. What is the remainder when r is divided by 11?
7
Let u = 5001 - 4985. Suppose 312 = 3*q + 4*n, -5 = q - n - 116. Calculate the remainder when q is divided by u.
12
Let a(h) = -25*h - 556. Calculate the remainder when a(-44) is divided by 23.
15
Let t be (-345)/(-46)*364/(-6) + -6. Let s = 509 + t. What is the remainder when 94 is divided by s?
46
Let d = -38832 + 38995. What is the remainder when 559 is divided by d?
70
Suppose -24*b + 524 + 2840 + 3164 = 0. Calculate the remainder when b is divided by 35.
27
Suppose 241 = -3*c - 143. Let w = -295 - -497. Let o = c + w. Calculate the remainder when o is divided by 38.
36
Let d be 1/((-6)/(-12)) - 257. Calculate the remainder when 133 is divided by (-2)/8 + (d/(-12) - -2).
18
Suppose -38 = -t + 5*k, 7*t - 54 = 4*t - 5*k. Let w = 11 - -73. What is the remainder when w is divided by t?
15
Calculate the remainder when 5142 is divided by ((-474)/553)/(2 + (-256)/126).
12
Let l(f) = 3*f + 13. What is the remainder when -1*(-207 + 2 - (0 - 6)) is divided by l(9)?
39
Suppose 3*h + 3 = 12. Suppose -5*z - 4*v + 240 = 0, 31 = 5*v + 6. Suppose -50*s = -z*s - 6. What is the remainder when h is divided by s?
0
Let h(z) = 6*z - 36. Suppose -13 = 4*n - 41. Suppose -2*b + m + 23 = 0, -3*m - 35 = -5*b + 20. What is the remainder when b is divided by h(n)?
2
Let x(y) be the first derivative of 11*y**2 + 51*y - 52. Let l be x(-15). Let n = -87 - l. What is the remainder when n is divided by 49?
45
Let v = 20794 - 20627. What is the remainder when 4666 is divided by v?
157
Let y(i) = 36*i - 251. Let t(j) = 17*j - 126. Let f(u) = 5*t(u) - 2*y(u). What is the remainder when f(22) is divided by 30?
8
Let z(k) = 2*k - 1. Let a(w) = -4*w + 81. Let t(n) = a(n) - z(n). Calculate the remainder when 56 is divided by t(8).
22
Let m be (-2 + 1/2)*-2. Suppose -2*t + a = -14, -15 = -5*t - m*a + 42. Calculate the remainder when 24 is divided by t.
6
What is the remainder when 3/(-36) - 17646299/(-2724) is divided by 1079?
4
Suppose 3*t = 5*z + 5 - 2, -3*t - 5*z = -33. What is the remainder when 278 is divided by t*(-2 - -4) - 8?
2
Suppose 45 = -2*w - 211. Calculate the remainder when 12 is divided by 6/(-16) - 816/w.
0
Calculate the remainder when (-284 + -79)*(10/15)/(4/(-6)) is divided by 116.
15
Let f = -1812 - 173. What is the remainder when 2/((-16)/f) + 3/(-24) is divided by 63?
59
Suppose z - 11 - 27 = 0. Let o(h) = -4*h - 97. Calculate the remainder when z is divided by o(-26).
3
Calculate the remainder when 16/(-24)*(-741)/2 is divided by (-2)/(-6) - (428/(-12) - -5).
30
Suppose 7*r + 164 = 192. Suppose 0*y + 2*y - 50 = r*i, -y + 20 = 3*i. What is the remainder when y is divided by 5?
3
Let z(h) = -2*h**2 - 5*h + 19. Let o be z(-4). Suppose 4*g - 55 = o*f - 10*f, -f + 30 = -g. What is the remainder when 63 is divided by f?
13
What is the remainder when 733 is divided by ((-37)/6)/((-140)/840)?
30
Let v(z) = 55*z - 55. Let j(k) = -2*k. Let y(x) = -25*j(x) - v(x). Calculate the remainder when 38 is divided by y(4).
3
Suppose 0 = -30*i + 95 + 145. Calculate the remainder when 640 is divided by i.
0
Let p(u) = u + u**2 - 2 + 0 + 2*u. What is the remainder when 1*46 - 8/4 is divided by p(-6)?
12
Let l(v) = -9*v + 14. Let g(x) = -3*x + 4. Let w(b) = 17*g(b) - 6*l(b). What is the remainder when w(10) is divided by 5?
4
Let x = 7 + 13. Let p(w) = -w**2 - 5*w + 78. Let i(u) = -u**3 + 13*u**2 - 22*u. Let o be i(11). What is the remainder when p(o) is divided by x?
18
Suppose 5*b = w + 29099, -33*w + 17457 = 3*b - 34*w. What is the remainder when b is divided by 8?
5
Let n(q) = 2*q**3 - 41*q**2 + 61*q - 30. Calculate the remainder when (454/(-4))/(1/(-2)) is divided by n(19).
43
Suppose -8*y + 3*y + 4*s = -826, -4*s = 2*y - 308. Suppose 77*u = 83*u - y. Calculate the remainder when 107 is divided by u.
26
Let n = 73 - 71. Suppose 0 = 2*f - a - 3*a - 228, n*f = 5*a + 226. Let m = 129 - f. Calculate the remainder when m is divided by 7.
4
Let z be 29 + -7 - (6 - -1). Suppose 0 = -z*k + 1473 + 357. Calculate the remainder when k is divided by 31.
29
Let m be 2 + (-5 - (4 - 49)). Let f = -39 + m. Suppose -4*w + 8*w = 3*t + 7, -2*w = -f*t + 1. What is the remainder when 16 is divided by t?
1
Let g = 225 + -287. What is the remainder when 34 is divided by g/(-3) - 4/6?
14
Let n = -9 - -17. Suppose -7 + 35 = -4*s. Calculate the remainder when s/(13/(-3) + (-4)/(-1)) is divided by n.
5
Let f(c) = 43*c**2 + 35*c - 14. What is the remainder when f(5) is divided by 89?
79
Suppose -1934 = 101*b - 4257. Suppose -p + 72 + 156 = 0. Calculate the remainder when p is divided by b.
21
Let w be (-6)/15 - (-34)/10. Suppose -12 = -w*z + 15. Suppose 0 = -4*y - k + 57, -164*k = y - 169*k - 51. What is the remainder when y is divided by z?
7
Let d(q) = -24*q**2 + 9*q + 3. Let x be d(3). Let m = 193 + x. Calculate the remainder when 41 is divided by m.
6
Let h be (-2)/2*(-2)/1. Let n be 266/76 - 3/2. Suppose h*w + n*p + 4 = 3*w, -4*p - 50 = -5*w. Calculate the remainder when 27 is divided by w.
13
Let x be -2 - -2 - (2 - -11)*5. Let k = -95 - x. What is the remainder when 126 is divided by 4*((-4)/8)/(-1) - k?
30
Let g = -39 - -83. Suppose 4*j + 766 + 122 = 0. Let r = 353 + j. What is the remainder when r is divided by g?
43
Suppose 18*k = 3*x + 15*k - 66, 4*x = -3*k + 67. Let p be -1*(-3 + 2 - -2). What is the remainder when 1/2*p*-74 is divided by x?
18
Let n = 310 + -235. What is the remainder when 2430/n + 2/(-5) is divided by (-1 - (-6)/4)*34?
15
Let w = 74 - 78. Let y(t) = 5*t + 23. Calculate the remainder when 3 is divided by y(w).
0
Let d(j) = 2*j**3 - 8*j**2 - 5*j - 3. Let y(n) = -n**2 - 9*n + 6. Let h be y(-9). What is the remainder when d(5) is divided by 28/h + 2/6?
2
Suppose 12*x - 2059 - 2915 = -1326. What is the remainder when 618 is divided by x?
10
Let y = -952 + 964. What is the remainder when y is divided by (6 - 2) + -6 + 7?
2
Let g(i) = i**3 + 8*i**2 - 32*i + 47. Let t(q) = q**2 + 4*q - 2. Let l be t(-12). Suppose -4*x - 2 = -l. Calculate the remainder when g(-11) is divided by x.
13
Let l(v) = 66*v - 1512. What is the remainder when 256 is divided by l(23)?
4
Let q be 312/(-16)*(4 - 18). Suppose -q = -11*a + 6*a - k, 4*a = 3*k + 226. Calculate the remainder when a is divided by 19 - 0*(-1)/2.
17
Let d(o) = 13*o - 209. Let q be d(18). Suppose 4*z - 9*z = 3*u - 179, -5*z - q = 0. What is the remainder when u is divided by 15?
8
Let m = -121 + 132. Suppose -17*p = -6 - m. What is the remainder when 2 is divided by p?
0
Let o = -3422 + 3605. Calculate the remainder when o is divided by 141.
42
Suppose 3*f + 7 = -4*u, f = 3*f + 4*u + 10. Suppose 3*l - 31 = -2*a - 0, -3*l - 54 = -3*a. What is the remainder when a is divided by f?
2
Let z = -76 - -76. Suppose z = 2*a - 4*a + 150. Calculate the remainder when a is divided by 16.
11
Suppose -26*i + 9063 = -7941. Calculate the remainder when 1325 is divided by i.
17
Let a(h) be the third derivative of h**6/120 - h**5/6 - 3*h**4/8 - 10*h**3/3 + 2*h**2 + 13*h. Calculate the remainder when 24 is divided by a(11).
0
Suppose 0 = 31*g - 28*g - 54. Suppose g*r - 50 - 148 = 0. What is the remainder when r is divided by 2/(-3) - (-56)/12?
3
Let b(q) = q**3 - 15*q**2 + 11*q + 38. Let m be (-248)/93*(1 - 50/8). Let c be b(m). What is the remainder when 107 is divided by 2 + (-4)/(15